{"id":1077,"date":"2017-01-09T23:02:40","date_gmt":"2017-01-09T23:02:40","guid":{"rendered":"http:\/\/valmeyerfca.cl\/outsourcing\/?page_id=1077"},"modified":"2017-01-10T03:20:05","modified_gmt":"2017-01-10T03:20:05","slug":"servicios-de-auditoria","status":"publish","type":"page","link":"http:\/\/valmeyerfca.cl\/outsourcing\/servicios-de-auditoria\/","title":{"rendered":"Servicios de Auditor\u00eda"},"content":{"rendered":"<section class=\"wpb-content-wrapper\"><p>[vc_row][vc_column][vc_column_text]<\/p>\n<h3>Servicios de Auditor\u00eda<\/h3>\n<p>La calidad de nuestra auditoria externa se apoya en tres pilares fundamentales: La especializaci\u00f3n de nuestros profesionales por industrias, la personalizaci\u00f3n de nuestro servicio y la combinaci\u00f3n de los conocimientos de expertos en distintas disciplinas para analizar negocios y transacciones complejas.<\/p>\n<p>[\/vc_column_text][vc_column_text]<\/p>\n<h3>Especializaci\u00f3n<\/h3>\n<p>Nuestros equipos de auditor\u00eda est\u00e1n organizados por industrias. Esto nos permite asegurar que en todo el proceso -desde la planificaci\u00f3n hasta la emisi\u00f3n de los informes finales-, usted ser\u00e1 atendido por profesionales que tienen un profundo conocimiento de la industria, del entorno y de las contingencias relevantes de su negocio.[\/vc_column_text][vc_column_text]<\/p>\n<h3>Atenci\u00f3n Personalizada<\/h3>\n<p>Nuestras normas internacionales de calidad aseguran que, sin importar el tama\u00f1o o la complejidad de sus operaciones, usted contar\u00e1 con un socio que lidera el equipo de trabajo, velando por la confiabilidad y excelencia del servicio y que estar\u00e1 a su disposici\u00f3n en forma permanente para responder a sus necesidades.[\/vc_column_text][vc_column_text]<\/p>\n<h3>Asesor\u00eda Integral<\/h3>\n<p>Dada la complejidad de los negocios y de las transacciones, nuestro servicio de auditor\u00eda es abordado por auditores altamente calificados, que son apoyados por asesores tributarios, abogados y otros expertos que analizan su empresa desde diferentes \u00e1ngulos. Especial \u00e9nfasis ponemos en la evaluaci\u00f3n de los riesgos del negocio, los controles internos asociados y las transacciones inusuales o sofisticadas de su empresa, como por ejemplo, derivados y otros instrumentos financieros.<\/p>\n<p>Como entes externos independientes tenemos la responsabilidad de efectuar nuestra tarea con dedicaci\u00f3n e idoneidad. Nuestra independencia con relaci\u00f3n al sistema objeto de la auditar\u00eda, hace que nuestra opini\u00f3n \u00e9ste principalmente dirigida a los usuarios de los estados financieros, quienes van a depositar confianza sobre la razonabilidad de los mismos a trav\u00e9s de nuestro dictamen. En el curso de nuestro trabajo se tendr\u00e1 acceso a un sin fin de informaci\u00f3n que eventualmente excede de aquella revelada a terceros. La obligaci\u00f3n del secreto profesional hace que bajo ninguna circunstancia dicha informaci\u00f3n pueda trascender.<\/p>\n<p>Los objetivos generales de auditor\u00eda que se cubren en el servicio de examinar los estados financieros son, entre otros, los siguientes:<\/p>\n<p style=\"padding-left: 30px;\">&#8211; Comprobar que los estados financieros, tomados en su conjunto, est\u00e9n presentados en forma razonable, que cumplan con los requisitos legales y que a la vez est\u00e9n preparados de acuerdo a principios y normas de aceptaci\u00f3n general en Chile. &#8211; Asegurar que los estados financieros concuerden con los libros o registros contables y que la informaci\u00f3n contenida en ellos se haya clasificado y presentado de modo tal que resulte informativo y conduzca a una interpretaci\u00f3n adecuada. &#8211; Identificar cualquier hecho significativo que haya ocurrido entre las fechas del balance general y la del informe de auditor\u00eda se haya evaluado adecuadamente, en lo referido a su identificaci\u00f3n y exposici\u00f3n de los mismos en los respectivos estados financieros. Nuestra tarea estar\u00e1 orientada a servir de complemento a las distintas funciones que realizan los responsables y subordinados de la sociedad, por lo cual no actuamos como sensores cr\u00edticos, sino m\u00e1s bien como complemento necesario en todo proceso organizacional que desea contar con consultores para apoyar y resolver en conjunto aquellos temas que sean de su inquietud.<\/p>\n<p>[\/vc_column_text][vc_column_text]<\/p>\n<h3>Servicios<\/h3>\n<ul>\n<li>Auditor\u00eda de Estados Financieros<\/li>\n<li>Revisi\u00f3n limitada de Estados Financieros<\/li>\n<li>Revisi\u00f3n de proyecciones financieras y presupuestos<\/li>\n<li>Auditor\u00eda de \u00edtemes o elementos espec\u00edficos<\/li>\n<li>Procedimientos de auditor\u00eda preconvenidos<\/li>\n<li>Evaluaci\u00f3n del sistema de control interno<\/li>\n<li>Investigaci\u00f3n de fraudes e irregularidades<\/li>\n<li>Asesor\u00eda para registro en bolsa de valores<\/li>\n<li>Auditor\u00eda de sistemas inform\u00e1ticos<\/li>\n<li>Auditor\u00eda operacional y de gesti\u00f3n<\/li>\n<li>Seguridad y controles de sistemas de informaci\u00f3n<\/li>\n<li>Auditor\u00eda de contenidos y transacciones de comercio electr\u00f3nico<\/li>\n<\/ul>\n<p>[\/vc_column_text][vc_empty_space height=\u00bb20px\u00bb][vc_single_image image=\u00bb1190&#8243; img_size=\u00bbfull\u00bb][\/vc_column][\/vc_row]<\/p>\n<\/section>","protected":false},"excerpt":{"rendered":"<p>[vc_row][vc_column][vc_column_text] Servicios de Auditor\u00eda La calidad de nuestra auditoria externa se apoya en tres pilares fundamentales: La especializaci\u00f3n de nuestros profesionales por industrias, la personalizaci\u00f3n de nuestro servicio y la [&hellip;]<\/p>\n","protected":false},"author":1,"featured_media":0,"parent":0,"menu_order":0,"comment_status":"closed","ping_status":"closed","template":"tpl\/page_single.php","meta":{"footnotes":""},"class_list":["post-1077","page","type-page","status-publish","hentry"],"_links":{"self":[{"href":"http:\/\/valmeyerfca.cl\/outsourcing\/wp-json\/wp\/v2\/pages\/1077","targetHints":{"allow":["GET"]}}],"collection":[{"href":"http:\/\/valmeyerfca.cl\/outsourcing\/wp-json\/wp\/v2\/pages"}],"about":[{"href":"http:\/\/valmeyerfca.cl\/outsourcing\/wp-json\/wp\/v2\/types\/page"}],"author":[{"embeddable":true,"href":"http:\/\/valmeyerfca.cl\/outsourcing\/wp-json\/wp\/v2\/users\/1"}],"replies":[{"embeddable":true,"href":"http:\/\/valmeyerfca.cl\/outsourcing\/wp-json\/wp\/v2\/comments?post=1077"}],"version-history":[{"count":5,"href":"http:\/\/valmeyerfca.cl\/outsourcing\/wp-json\/wp\/v2\/pages\/1077\/revisions"}],"predecessor-version":[{"id":1191,"href":"http:\/\/valmeyerfca.cl\/outsourcing\/wp-json\/wp\/v2\/pages\/1077\/revisions\/1191"}],"wp:attachment":[{"href":"http:\/\/valmeyerfca.cl\/outsourcing\/wp-json\/wp\/v2\/media?parent=1077"}],"curies":[{"name":"wp","href":"https:\/\/api.w.org\/{rel}","templated":true}]}}