{"id":1095,"date":"2017-01-10T00:06:33","date_gmt":"2017-01-10T00:06:33","guid":{"rendered":"http:\/\/valmeyerfca.cl\/outsourcing\/?page_id=1095"},"modified":"2017-01-10T03:26:33","modified_gmt":"2017-01-10T03:26:33","slug":"outsourcing-de-personal","status":"publish","type":"page","link":"http:\/\/valmeyerfca.cl\/outsourcing\/outsourcing-de-personal\/","title":{"rendered":"Outsourcing de Personal"},"content":{"rendered":"<section class=\"wpb-content-wrapper\"><p>[vc_row][vc_column][vc_column_text]<\/p>\n<h3>Outsourcing de Personal<\/h3>\n<h5>Consultor\u00eda en Recursos Humanos<\/h5>\n<p>El objeto de esta \u00e1rea\u00a0 es atender la amplia gama de expectativas asociadas a una administraci\u00f3n profesional de los recursos humanos, privilegiando el logro de los resultados en un ambiente de satisfacci\u00f3n\u00a0 laboral.<br \/>\nLos servicios se tipifican en los siguientes aspectos:<\/p>\n<ul type=\"disc\">\n<li>Selecci\u00f3n de ejecutivos y de personal.<\/li>\n<li>Auditor\u00eda y evaluaci\u00f3n del proceso de remuneraci\u00f3n.<\/li>\n<li>Evaluaci\u00f3n y diagn\u00f3stico del \u00e1rea de recursos humanos.<\/li>\n<li>Responsabilidad empresarial.<\/li>\n<li>Pago de remuneraciones<\/li>\n<\/ul>\n<p>[\/vc_column_text][vc_column_text]<\/p>\n<h3>Rol Privado<\/h3>\n<p>Este servicio es de exclusividad para las empresas que deseen mantener la confidencialidad de \u00a0las remuneraciones de sus ejecutivos y personal en general.<br \/>\nEl servicio consiste en liquidar las remuneraciones, pago de \u00e9stas, explicaci\u00f3n personal a cada ejecutivo, determinaci\u00f3n y pago de imposiciones previsionales, elaboraci\u00f3n de contratos y finiquitos, protecci\u00f3n y mantenci\u00f3n de la documentaci\u00f3n laboral, evaluaci\u00f3n de la carga de impuestos, tr\u00e1mites especiales y estudio continuo de las normas legales que permiten optimizar los aspectos impositivos y previsionales, como asimismo, de eliminar contingencias sobre estas materias.<br \/>\nLa n\u00f3mina confidencial puede incluir adem\u00e1s la atenci\u00f3n permanente de declaraci\u00f3n de renta anual.<br \/>\nNuestra experiencia\u00a0 nos dice que el servicio de Rol Privado es de gran efectividad para resguardar la confidencialidad de la remuneraci\u00f3n y antecedentes laborales personales de los ejecutivos, tales como acuerdos laborales con la direcci\u00f3n de la empresa, planificaci\u00f3n de ahorros para la jubilaci\u00f3n, agilidad y confidencialidad en el dep\u00f3sito de su remuneraci\u00f3n, emisi\u00f3n de certificados, evaluaci\u00f3n de la carga impositiva y tramitaciones especiales..<br \/>\nLa experiencia lograda \u00a0en esta \u00e1rea, nos permite\u00a0 asesorar a nuestros clientes con la mayor seguridad y confidencialidad en esta tema, como tambi\u00e9n realizar auditorias de gesti\u00f3n de todo el proceso que se relaciona con el sistema de remuneraciones.<\/p>\n<p>[\/vc_column_text][vc_empty_space height=\u00bb20px\u00bb][vc_single_image image=\u00bb1194&#8243; img_size=\u00bbfull\u00bb][\/vc_column][\/vc_row]<\/p>\n<\/section>","protected":false},"excerpt":{"rendered":"<p>[vc_row][vc_column][vc_column_text] Outsourcing de Personal Consultor\u00eda en Recursos Humanos El objeto de esta \u00e1rea\u00a0 es atender la amplia gama de expectativas asociadas a una administraci\u00f3n profesional de los recursos humanos, privilegiando [&hellip;]<\/p>\n","protected":false},"author":1,"featured_media":0,"parent":0,"menu_order":0,"comment_status":"closed","ping_status":"closed","template":"tpl\/page_single.php","meta":{"footnotes":""},"class_list":["post-1095","page","type-page","status-publish","hentry"],"_links":{"self":[{"href":"http:\/\/valmeyerfca.cl\/outsourcing\/wp-json\/wp\/v2\/pages\/1095","targetHints":{"allow":["GET"]}}],"collection":[{"href":"http:\/\/valmeyerfca.cl\/outsourcing\/wp-json\/wp\/v2\/pages"}],"about":[{"href":"http:\/\/valmeyerfca.cl\/outsourcing\/wp-json\/wp\/v2\/types\/page"}],"author":[{"embeddable":true,"href":"http:\/\/valmeyerfca.cl\/outsourcing\/wp-json\/wp\/v2\/users\/1"}],"replies":[{"embeddable":true,"href":"http:\/\/valmeyerfca.cl\/outsourcing\/wp-json\/wp\/v2\/comments?post=1095"}],"version-history":[{"count":6,"href":"http:\/\/valmeyerfca.cl\/outsourcing\/wp-json\/wp\/v2\/pages\/1095\/revisions"}],"predecessor-version":[{"id":1195,"href":"http:\/\/valmeyerfca.cl\/outsourcing\/wp-json\/wp\/v2\/pages\/1095\/revisions\/1195"}],"wp:attachment":[{"href":"http:\/\/valmeyerfca.cl\/outsourcing\/wp-json\/wp\/v2\/media?parent=1095"}],"curies":[{"name":"wp","href":"https:\/\/api.w.org\/{rel}","templated":true}]}}