{"id":1161,"date":"2017-01-10T01:52:05","date_gmt":"2017-01-10T01:52:05","guid":{"rendered":"http:\/\/valmeyerfca.cl\/outsourcing\/?page_id=1161"},"modified":"2017-01-10T01:57:00","modified_gmt":"2017-01-10T01:57:00","slug":"empresa-historia","status":"publish","type":"page","link":"http:\/\/valmeyerfca.cl\/outsourcing\/empresa-historia\/","title":{"rendered":"Empresa (Historia)"},"content":{"rendered":"<section class=\"wpb-content-wrapper\"><p>[vc_row][vc_column][vc_column_text]<\/p>\n<h3>VALMEYER &amp; CIA. LTDA.<\/h3>\n<h5>Empresa (Historia)<\/h5>\n<p>Es una sociedad que naci\u00f3 en Mayo de 1998 con el objetivo principal, de atender las necesidades de las PYME en relaci\u00f3n a sus contabilidades y servicios afines a la Inform\u00e1tica.<\/p>\n<p>Debido al \u00e9xito causado por nuestro servicio y profesionalismo, nuestra empresa ha querido expandir sus horizontes, creando en le a\u00f1o 2001 el departamento de Auditoria Externa, lo que en corto tiempo ha tenido una gran acogida por parte de nuestros clientes.<\/p>\n<p>Nuestros socios y personal se enorgullece en prestar un servicio profesional de la m\u00e1s alta calidad a cada uno de nuestros clientes, sin importar su tama\u00f1o. Hemos desarrollado un equipo de profesionales para entregar la mezcla exacta de servicios, puesto que creemos que es vital que nuestros clientes tengan acceso a profesionales experimentados que le proporcionen la informaci\u00f3n de manera clara y r\u00e1pida.<\/p>\n<p>Nuestro compromiso es seguir entregando el mejor servicio del mercado al menor costo y seguir expandiendo nuestros horizontes, al mismo tiempo que el de nuestros clientes, cada uno de los cuales ocupa un lugar especial en nuestra organizaci\u00f3n.[\/vc_column_text][vc_single_image image=\u00bb1142&#8243; img_size=\u00bbfull\u00bb][vc_empty_space height=\u00bb20px\u00bb][\/vc_column][\/vc_row][vc_row][vc_column][\/vc_column][\/vc_row]<\/p>\n<\/section>","protected":false},"excerpt":{"rendered":"<p>[vc_row][vc_column][vc_column_text] VALMEYER &amp; CIA. LTDA. Empresa (Historia) Es una sociedad que naci\u00f3 en Mayo de 1998 con el objetivo principal, de atender las necesidades de las PYME en relaci\u00f3n a [&hellip;]<\/p>\n","protected":false},"author":1,"featured_media":0,"parent":0,"menu_order":0,"comment_status":"closed","ping_status":"closed","template":"tpl\/page_single.php","meta":{"footnotes":""},"class_list":["post-1161","page","type-page","status-publish","hentry"],"_links":{"self":[{"href":"http:\/\/valmeyerfca.cl\/outsourcing\/wp-json\/wp\/v2\/pages\/1161","targetHints":{"allow":["GET"]}}],"collection":[{"href":"http:\/\/valmeyerfca.cl\/outsourcing\/wp-json\/wp\/v2\/pages"}],"about":[{"href":"http:\/\/valmeyerfca.cl\/outsourcing\/wp-json\/wp\/v2\/types\/page"}],"author":[{"embeddable":true,"href":"http:\/\/valmeyerfca.cl\/outsourcing\/wp-json\/wp\/v2\/users\/1"}],"replies":[{"embeddable":true,"href":"http:\/\/valmeyerfca.cl\/outsourcing\/wp-json\/wp\/v2\/comments?post=1161"}],"version-history":[{"count":3,"href":"http:\/\/valmeyerfca.cl\/outsourcing\/wp-json\/wp\/v2\/pages\/1161\/revisions"}],"predecessor-version":[{"id":1167,"href":"http:\/\/valmeyerfca.cl\/outsourcing\/wp-json\/wp\/v2\/pages\/1161\/revisions\/1167"}],"wp:attachment":[{"href":"http:\/\/valmeyerfca.cl\/outsourcing\/wp-json\/wp\/v2\/media?parent=1161"}],"curies":[{"name":"wp","href":"https:\/\/api.w.org\/{rel}","templated":true}]}}